{"id":1766,"date":"2025-11-26T16:48:00","date_gmt":"2025-11-26T15:48:00","guid":{"rendered":"https:\/\/spielereischwabach.de\/wordpress\/?page_id=1766"},"modified":"2025-11-26T17:12:03","modified_gmt":"2025-11-26T16:12:03","slug":"ueber-uns","status":"publish","type":"page","link":"https:\/\/spielereischwabach.de\/wordpress\/ueber-uns\/","title":{"rendered":"\u00dcber uns"},"content":{"rendered":"<section class=\"wpb-content-wrapper\"><p>[vc_row][vc_column][vc_column_text]<\/p>\n<h5 style=\"text-align: center;\"><strong>\u00dcber uns<\/strong><\/h5>\n<p>&nbsp;<\/p>\n<p>[\/vc_column_text][\/vc_column][\/vc_row][vc_row][vc_column][vc_single_image image=&#8221;1515&#8243; img_size=&#8221;full&#8221;][\/vc_column][\/vc_row][vc_row][vc_column][vc_column_text]<\/p>\n<h5 class=\"postheader\" style=\"text-align: left;\"><strong><br \/>\nEntwicklung der Spielerei<\/strong><\/h5>\n<p>[\/vc_column_text][\/vc_column][\/vc_row][vc_row][vc_column][vc_column_text]Bereits in den 70er Jahren wurde das \u201e<strong>Hulzkistla<\/strong>\u201c von Hans Werner Flock in der Bachgasse in Schwabach er\u00f6ffnet und startete mit einem Sortiment aus Holzspielzeug und K\u00f6rben. Knapp 20 Jahre sp\u00e4ter erfolgte der Umzug zum Martin-Luther-Platz. 2005 \u00fcbergab Gisi Flock das wiederum zu klein gewordene \u201eHulzkistla\u201c an Elle Dresel und damit entwickelte es sich zur \u201e<strong>Spielerei<\/strong>\u201c in der K\u00f6nigstra\u00dfe 9. Der Schwerpunkt liegt nach wie vor auf Holzspielzeug, das durch sch\u00f6ne Kinderb\u00fccher, interessante Trends und Produkte, die zur Saison passen, erg\u00e4nzt wird.<\/p>\n<p>&nbsp;<\/p>\n<p>[\/vc_column_text][\/vc_column][\/vc_row][vc_row][vc_column][vc_column_text]<\/p>\n<h5><strong>Philosophie<\/strong><\/h5>\n<p>[\/vc_column_text][\/vc_column][\/vc_row][vc_row][vc_column][vc_column_text]Wir legen gro\u00dfen Wert auf richtig gutes Spielzeug. Uns ist wichtig, dass es die Kinder in ihrer Entwicklung unterst\u00fctzt und Freude am Spiel weckt. Es sollte reparaturfreundlich und nachhaltig verarbeitet sein. Bevorzugt kaufen wir deshalb bei deutschen und europ\u00e4ischen Herstellern ein.<\/p>\n<p>Die Spielerei Schwabach ist Mitglied im Fachverband\u00a0<strong>Arbeitskreis Richtiges Spielzeug (ARS)<\/strong>.\u00a0 Hier arbeiten engagierte Fachh\u00e4ndler bundesweit und in der Schweiz miteinander, tauschen Erfahrungen aus und entwickeln Produkte der ARS-Eigenmarke rundum.<br \/>\nWeitere Informationen finden Sie unter\u00a0\u00a0<a href=\"http:\/\/www.arseg.de\">www.arseg.de<\/a>[\/vc_column_text][\/vc_column][\/vc_row]<\/p>\n<\/section>","protected":false},"excerpt":{"rendered":"<p>[vc_row][vc_column][vc_column_text] \u00dcber uns &nbsp; [\/vc_column_text][\/vc_column][\/vc_row][vc_row][vc_column][vc_single_image image=&#8221;1515&#8243; img_size=&#8221;full&#8221;][\/vc_column][\/vc_row][vc_row][vc_column][vc_column_text] Entwicklung der Spielerei [\/vc_column_text][\/vc_column][\/vc_row][vc_row][vc_column][vc_column_text]Bereits in den 70er Jahren wurde das \u201eHulzkistla\u201c von Hans Werner Flock in der Bachgasse in Schwabach er\u00f6ffnet und startete&hellip;<\/p>\n","protected":false},"author":1,"featured_media":0,"parent":0,"menu_order":0,"comment_status":"closed","ping_status":"closed","template":"","meta":{"footnotes":""},"class_list":["post-1766","page","type-page","status-publish","hentry"],"_links":{"self":[{"href":"https:\/\/spielereischwabach.de\/wordpress\/wp-json\/wp\/v2\/pages\/1766","targetHints":{"allow":["GET"]}}],"collection":[{"href":"https:\/\/spielereischwabach.de\/wordpress\/wp-json\/wp\/v2\/pages"}],"about":[{"href":"https:\/\/spielereischwabach.de\/wordpress\/wp-json\/wp\/v2\/types\/page"}],"author":[{"embeddable":true,"href":"https:\/\/spielereischwabach.de\/wordpress\/wp-json\/wp\/v2\/users\/1"}],"replies":[{"embeddable":true,"href":"https:\/\/spielereischwabach.de\/wordpress\/wp-json\/wp\/v2\/comments?post=1766"}],"version-history":[{"count":17,"href":"https:\/\/spielereischwabach.de\/wordpress\/wp-json\/wp\/v2\/pages\/1766\/revisions"}],"predecessor-version":[{"id":1784,"href":"https:\/\/spielereischwabach.de\/wordpress\/wp-json\/wp\/v2\/pages\/1766\/revisions\/1784"}],"wp:attachment":[{"href":"https:\/\/spielereischwabach.de\/wordpress\/wp-json\/wp\/v2\/media?parent=1766"}],"curies":[{"name":"wp","href":"https:\/\/api.w.org\/{rel}","templated":true}]}}